{"id":3109,"date":"2025-02-27T18:57:40","date_gmt":"2025-02-27T18:57:40","guid":{"rendered":"https:\/\/hidalgodelparral.chihuahua.gob.mx\/?page_id=3109"},"modified":"2025-02-27T18:57:40","modified_gmt":"2025-02-27T18:57:40","slug":"dif-municipal","status":"publish","type":"page","link":"https:\/\/hidalgodelparral.chihuahua.gob.mx\/?page_id=3109","title":{"rendered":"DIF Municipal"},"content":{"rendered":"<div id='av_section_1'  class='avia-section av-av_section-f22f0f9dd672aac3df52cf5913f6ac08 main_color avia-section-default avia-no-border-styling  avia-builder-el-0  avia-builder-el-no-sibling  avia-bg-style-scroll container_wrap fullsize'  ><div class='container av-section-cont-open' ><main  role=\"main\" itemprop=\"mainContentOfPage\"  class='template-page content  av-content-full alpha units'><div class='post-entry post-entry-type-page post-entry-3109'><div class='entry-content-wrapper clearfix'>\n<div  class='flex_column av-av_one_full-2d22dc0500e159f2b39fe7a147caf14c av_one_full  avia-builder-el-1  avia-builder-el-no-sibling  first flex_column_div  '     ><div  class='av-alb-blogposts template-blog  '  itemscope=\"itemscope\" itemtype=\"https:\/\/schema.org\/Blog\" ><article class=\"post-entry post-entry-type-standard post-entry-11153 post-loop-1 post-parity-odd single-big with-slider post-11153 post type-post status-publish format-standard has-post-thumbnail hentry category-dif\"  itemscope=\"itemscope\" itemtype=\"https:\/\/schema.org\/BlogPosting\" ><div class=\"big-preview single-big\"  itemprop=\"image\" itemscope=\"itemscope\" itemtype=\"https:\/\/schema.org\/ImageObject\" ><a href=\"https:\/\/hidalgodelparral.chihuahua.gob.mx\/?p=11153\"  title=\"IMG-20260422-WA0074\" ><img decoding=\"async\" loading=\"lazy\" width=\"1080\" height=\"423\" src=\"https:\/\/hidalgodelparral.chihuahua.gob.mx\/wp-content\/uploads\/2026\/04\/IMG-20260422-WA0074-1080x423.jpg\" class=\"wp-image-11154 avia-img-lazy-loading-11154 attachment-entry_without_sidebar size-entry_without_sidebar wp-post-image\" alt=\"\" \/><\/a><\/div><div class=\"blog-meta\"><\/div><div class='entry-content-wrapper clearfix standard-content'><header class=\"entry-content-header\" aria-label=\"Post: Invita Gobierno de Parral al Festival en tu Colonia en el mirador \u201cLa Esmeralda\u201d\"><h2 class='post-title entry-title '  itemprop=\"headline\" ><a href=\"https:\/\/hidalgodelparral.chihuahua.gob.mx\/?p=11153\" rel=\"bookmark\" title=\"Permanent Link: Invita Gobierno de Parral al Festival en tu Colonia en el mirador \u201cLa Esmeralda\u201d\">Invita Gobierno de Parral al Festival en tu Colonia en el mirador \u201cLa Esmeralda\u201d<span class=\"post-format-icon minor-meta\"><\/span><\/a><\/h2><span class=\"post-meta-infos\"><time class=\"date-container minor-meta updated\"  itemprop=\"datePublished\" datetime=\"2026-04-23T21:13:57+00:00\" >23 abril, 2026<\/time><span class=\"text-sep\">\/<\/span><span class=\"blog-categories minor-meta\">in <a href=\"https:\/\/hidalgodelparral.chihuahua.gob.mx\/?cat=3\" rel=\"tag\">DIF<\/a><\/span><span class=\"text-sep\">\/<\/span><span class=\"blog-author minor-meta\">by <span class=\"entry-author-link\"  itemprop=\"author\" ><span class=\"author\"><span class=\"fn\"><a href=\"https:\/\/hidalgodelparral.chihuahua.gob.mx\/?author=2\" title=\"Entradas de Comunicaci\u00f3n Social\" rel=\"author\">Comunicaci\u00f3n Social<\/a><\/span><\/span><\/span><\/span><\/span><\/header><div class=\"entry-content\"  itemprop=\"text\" ><p>-Convoca a las familias a disfrutar de una tarde de convivencia y actividades este 24 de abril<\/p>\n<p>El Gobierno de Parral, a trav\u00e9s del Instituto Municipal de la Juventud (Imjuve) y en coordinaci\u00f3n con el DIF Municipal, invita a la ciudadan\u00eda a participar en el Festival en tu Colonia, que se llevar\u00e1 a cabo este 24 de abril a las 5:00 de la tarde en el mirador \u201cLa Esmeralda\u201d.<\/p>\n<p>El evento est\u00e1 dirigido a las familias parralenses, especialmente a ni\u00f1as y ni\u00f1os, quienes podr\u00e1n disfrutar de din\u00e1micas recreativas, actividades y sorpresas, adem\u00e1s de contar con venta de snacks.<\/p>\n<p>Con esta iniciativa, se busca fortalecer la convivencia comunitaria y generar espacios de participaci\u00f3n en un ambiente familiar.<\/p>\n<p>Juntos lo Estamos Logrando<\/p>\n<\/div><footer class=\"entry-footer\"><\/footer><div class='post_delimiter'><\/div><\/div><div class=\"post_author_timeline\"><\/div><span class='hidden'>\n\t\t\t\t<span class='av-structured-data'  itemprop=\"image\" itemscope=\"itemscope\" itemtype=\"https:\/\/schema.org\/ImageObject\" >\n\t\t\t\t\t\t<span itemprop='url'>https:\/\/hidalgodelparral.chihuahua.gob.mx\/wp-content\/uploads\/2026\/04\/IMG-20260422-WA0074.jpg<\/span>\n\t\t\t\t\t\t<span itemprop='height'>1350<\/span>\n\t\t\t\t\t\t<span itemprop='width'>1080<\/span>\n\t\t\t\t<\/span>\n\t\t\t\t<span class='av-structured-data'  itemprop=\"publisher\" itemtype=\"https:\/\/schema.org\/Organization\" itemscope=\"itemscope\" >\n\t\t\t\t\t\t<span itemprop='name'>Comunicaci\u00f3n Social<\/span>\n\t\t\t\t\t\t<span itemprop='logo' itemscope itemtype='https:\/\/schema.org\/ImageObject'>\n\t\t\t\t\t\t\t<span itemprop='url'>https:\/\/hidalgodelparral.chihuahua.gob.mx\/wp-content\/uploads\/2024\/11\/logo-enfold-300x138.png<\/span>\n\t\t\t\t\t\t<\/span>\n\t\t\t\t<\/span><span class='av-structured-data'  itemprop=\"author\" itemscope=\"itemscope\" itemtype=\"https:\/\/schema.org\/Person\" ><span itemprop='name'>Comunicaci\u00f3n Social<\/span><\/span><span class='av-structured-data'  itemprop=\"datePublished\" datetime=\"2026-04-23T21:13:57+00:00\" >2026-04-23 21:13:57<\/span><span class='av-structured-data'  itemprop=\"dateModified\" itemtype=\"https:\/\/schema.org\/dateModified\" >2026-04-23 21:13:57<\/span><span class='av-structured-data'  itemprop=\"mainEntityOfPage\" itemtype=\"https:\/\/schema.org\/mainEntityOfPage\" ><span itemprop='name'>Invita Gobierno de Parral al Festival en tu Colonia en el mirador \u201cLa Esmeralda\u201d<\/span><\/span><\/span><\/article><article class=\"post-entry post-entry-type-standard post-entry-11050 post-loop-2 post-parity-even single-big with-slider post-11050 post type-post status-publish format-standard has-post-thumbnail hentry category-dif\"  itemscope=\"itemscope\" itemtype=\"https:\/\/schema.org\/BlogPosting\" ><div class=\"big-preview single-big\"  itemprop=\"image\" itemscope=\"itemscope\" itemtype=\"https:\/\/schema.org\/ImageObject\" ><a href=\"https:\/\/hidalgodelparral.chihuahua.gob.mx\/?p=11050\"  title=\"IMG-20260322-WA0059\" ><img decoding=\"async\" loading=\"lazy\" width=\"1210\" height=\"423\" src=\"https:\/\/hidalgodelparral.chihuahua.gob.mx\/wp-content\/uploads\/2026\/03\/IMG-20260322-WA0059-1210x423.jpg\" class=\"wp-image-11051 avia-img-lazy-loading-11051 attachment-entry_without_sidebar size-entry_without_sidebar wp-post-image\" alt=\"\" \/><\/a><\/div><div class=\"blog-meta\"><\/div><div class='entry-content-wrapper clearfix standard-content'><header class=\"entry-content-header\" aria-label=\"Post: Alcalde Salvador Calder\u00f3n encabeza carrera de mascotas en apoyo a CATEA\"><h2 class='post-title entry-title '  itemprop=\"headline\" ><a href=\"https:\/\/hidalgodelparral.chihuahua.gob.mx\/?p=11050\" rel=\"bookmark\" title=\"Permanent Link: Alcalde Salvador Calder\u00f3n encabeza carrera de mascotas en apoyo a CATEA\">Alcalde Salvador Calder\u00f3n encabeza carrera de mascotas en apoyo a CATEA<span class=\"post-format-icon minor-meta\"><\/span><\/a><\/h2><span class=\"post-meta-infos\"><time class=\"date-container minor-meta updated\"  itemprop=\"datePublished\" datetime=\"2026-03-22T23:22:27+00:00\" >22 marzo, 2026<\/time><span class=\"text-sep\">\/<\/span><span class=\"blog-categories minor-meta\">in <a href=\"https:\/\/hidalgodelparral.chihuahua.gob.mx\/?cat=3\" rel=\"tag\">DIF<\/a><\/span><span class=\"text-sep\">\/<\/span><span class=\"blog-author minor-meta\">by <span class=\"entry-author-link\"  itemprop=\"author\" ><span class=\"author\"><span class=\"fn\"><a href=\"https:\/\/hidalgodelparral.chihuahua.gob.mx\/?author=2\" title=\"Entradas de Comunicaci\u00f3n Social\" rel=\"author\">Comunicaci\u00f3n Social<\/a><\/span><\/span><\/span><\/span><\/span><\/header><div class=\"entry-content\"  itemprop=\"text\" ><p>Actividad organizada por DIF Municipal a trav\u00e9s de CATEA reuni\u00f3 a familias y sus mascotas<\/p>\n<p>El alcalde Salvador Calder\u00f3n encabez\u00f3 la carrera de mascotas organizada por el DIF Municipal, a trav\u00e9s del Centro de Atenci\u00f3n a Trastornos del Espectro Autista (CATEA), con la participaci\u00f3n de familias que acudieron acompa\u00f1adas de sus animales de compa\u00f1\u00eda.<\/p>\n<p>La actividad inici\u00f3 en el Parque Gerardo Montes y concluy\u00f3 en la Plaza de la Identidad, donde se desarroll\u00f3 una jornada recreativa enfocada en la convivencia y la participaci\u00f3n social.<\/p>\n<p>Durante el evento, se cont\u00f3 con la presencia de la presidenta del DIF, Nora Carrillo de Calder\u00f3n, as\u00ed como de la directora de CATEA, Roc\u00edo Carbajal Chavira, quienes participaron en el recorrido.<\/p>\n<p>Asimismo, se reconoci\u00f3 la colaboraci\u00f3n de madres y padres de familia de las y los usuarios de CATEA, quienes contribuyeron en la organizaci\u00f3n de la actividad.<\/p>\n<p>El alcalde destac\u00f3 la importancia de impulsar acciones que promuevan la inclusi\u00f3n y la participaci\u00f3n comunitaria, y agradeci\u00f3 el apoyo de patrocinadores que realizaron donativos para la premiaci\u00f3n, entre ellos el Centro Veterinario del Dr. Edgar Loya y la tienda La Croqueta.<\/p>\n<p>Juntos lo vamos a lograr.<\/p>\n<\/div><footer class=\"entry-footer\"><\/footer><div class='post_delimiter'><\/div><\/div><div class=\"post_author_timeline\"><\/div><span class='hidden'>\n\t\t\t\t<span class='av-structured-data'  itemprop=\"image\" itemscope=\"itemscope\" itemtype=\"https:\/\/schema.org\/ImageObject\" >\n\t\t\t\t\t\t<span itemprop='url'>https:\/\/hidalgodelparral.chihuahua.gob.mx\/wp-content\/uploads\/2026\/03\/IMG-20260322-WA0059.jpg<\/span>\n\t\t\t\t\t\t<span itemprop='height'>853<\/span>\n\t\t\t\t\t\t<span itemprop='width'>1280<\/span>\n\t\t\t\t<\/span>\n\t\t\t\t<span class='av-structured-data'  itemprop=\"publisher\" itemtype=\"https:\/\/schema.org\/Organization\" itemscope=\"itemscope\" >\n\t\t\t\t\t\t<span itemprop='name'>Comunicaci\u00f3n Social<\/span>\n\t\t\t\t\t\t<span itemprop='logo' itemscope itemtype='https:\/\/schema.org\/ImageObject'>\n\t\t\t\t\t\t\t<span itemprop='url'>https:\/\/hidalgodelparral.chihuahua.gob.mx\/wp-content\/uploads\/2024\/11\/logo-enfold-300x138.png<\/span>\n\t\t\t\t\t\t<\/span>\n\t\t\t\t<\/span><span class='av-structured-data'  itemprop=\"author\" itemscope=\"itemscope\" itemtype=\"https:\/\/schema.org\/Person\" ><span itemprop='name'>Comunicaci\u00f3n Social<\/span><\/span><span class='av-structured-data'  itemprop=\"datePublished\" datetime=\"2026-03-22T23:22:27+00:00\" >2026-03-22 23:22:27<\/span><span class='av-structured-data'  itemprop=\"dateModified\" itemtype=\"https:\/\/schema.org\/dateModified\" >2026-03-22 23:22:27<\/span><span class='av-structured-data'  itemprop=\"mainEntityOfPage\" itemtype=\"https:\/\/schema.org\/mainEntityOfPage\" ><span itemprop='name'>Alcalde Salvador Calder\u00f3n encabeza carrera de mascotas en apoyo a CATEA<\/span><\/span><\/span><\/article><article class=\"post-entry post-entry-type-standard post-entry-11008 post-loop-3 post-parity-odd post-entry-last single-big with-slider post-11008 post type-post status-publish format-standard has-post-thumbnail hentry category-dif\"  itemscope=\"itemscope\" itemtype=\"https:\/\/schema.org\/BlogPosting\" ><div class=\"big-preview single-big\"  itemprop=\"image\" itemscope=\"itemscope\" itemtype=\"https:\/\/schema.org\/ImageObject\" ><a href=\"https:\/\/hidalgodelparral.chihuahua.gob.mx\/?p=11008\"  title=\"IMG-20260319-WA0136\" ><img decoding=\"async\" loading=\"lazy\" width=\"1210\" height=\"423\" src=\"https:\/\/hidalgodelparral.chihuahua.gob.mx\/wp-content\/uploads\/2026\/03\/IMG-20260319-WA0136-1210x423.jpg\" class=\"wp-image-11009 avia-img-lazy-loading-11009 attachment-entry_without_sidebar size-entry_without_sidebar wp-post-image\" alt=\"\" \/><\/a><\/div><div class=\"blog-meta\"><\/div><div class='entry-content-wrapper clearfix standard-content'><header class=\"entry-content-header\" aria-label=\"Post: ntrega FECHAC m\u00e1s de 200 aparatos ortop\u00e9dicos al DIF Parral para fortalecer la atenci\u00f3n a poblaci\u00f3n vulnerable\"><h2 class='post-title entry-title '  itemprop=\"headline\" ><a href=\"https:\/\/hidalgodelparral.chihuahua.gob.mx\/?p=11008\" rel=\"bookmark\" title=\"Permanent Link: ntrega FECHAC m\u00e1s de 200 aparatos ortop\u00e9dicos al DIF Parral para fortalecer la atenci\u00f3n a poblaci\u00f3n vulnerable\">ntrega FECHAC m\u00e1s de 200 aparatos ortop\u00e9dicos al DIF Parral para fortalecer la atenci\u00f3n a poblaci\u00f3n vulnerable<span class=\"post-format-icon minor-meta\"><\/span><\/a><\/h2><span class=\"post-meta-infos\"><time class=\"date-container minor-meta updated\"  itemprop=\"datePublished\" datetime=\"2026-03-19T22:22:56+00:00\" >19 marzo, 2026<\/time><span class=\"text-sep\">\/<\/span><span class=\"blog-categories minor-meta\">in <a href=\"https:\/\/hidalgodelparral.chihuahua.gob.mx\/?cat=3\" rel=\"tag\">DIF<\/a><\/span><span class=\"text-sep\">\/<\/span><span class=\"blog-author minor-meta\">by <span class=\"entry-author-link\"  itemprop=\"author\" ><span class=\"author\"><span class=\"fn\"><a href=\"https:\/\/hidalgodelparral.chihuahua.gob.mx\/?author=2\" title=\"Entradas de Comunicaci\u00f3n Social\" rel=\"author\">Comunicaci\u00f3n Social<\/a><\/span><\/span><\/span><\/span><\/span><\/header><div class=\"entry-content\"  itemprop=\"text\" ><p>-La inversi\u00f3n supera los 262 mil pesos y permitir\u00e1 ampliar la cobertura de apoyo a personas con necesidades de movilidad<\/p>\n<p>El Desarrollo Integral de la Familia (DIF) de Parral recibi\u00f3 la donaci\u00f3n de m\u00e1s de 200 aparatos ortop\u00e9dicos por parte de la Fundaci\u00f3n del Empresariado Chihuahuense (FECHAC), con una inversi\u00f3n superior a los 262 mil pesos, como parte de las acciones conjuntas para respaldar a la poblaci\u00f3n en situaci\u00f3n vulnerable.<\/p>\n<p>Durante la entrega, el presidente del Consejo de FECHAC, Carlos Bremer, destac\u00f3 que este esfuerzo es resultado de la coordinaci\u00f3n con el Gobierno Municipal, impulsada por las gestiones del alcalde Salvador Calder\u00f3n Aguirre, lo que permite generar beneficios directos para la comunidad.<\/p>\n<p>\u201cLos empresarios sumamos esfuerzos para apoyar a quienes m\u00e1s lo necesitan\u201d, expres\u00f3.<\/p>\n<p>Por su parte, la presidenta del DIF Municipal agradeci\u00f3 la colaboraci\u00f3n del organismo empresarial, al se\u00f1alar que esta donaci\u00f3n representa un apoyo significativo para mejorar la movilidad y la calidad de vida de las personas beneficiadas.<\/p>\n<p>Asimismo, destac\u00f3 que estos recursos permitir\u00e1n fortalecer los programas de asistencia social, ampliando la cobertura y brindando atenci\u00f3n oportuna a personas con discapacidad o en condici\u00f3n vulnerable.<\/p>\n<p>Entre los apoyos entregados se encuentran 60 sillas de ruedas con descansabrazos abatibles, 18 muletas en diferentes tama\u00f1os, 40 sillas c\u00f3modo tipo 3 en 1, 25 andaderas tipo rollator y 15 andaderas plegables.<\/p>\n<p>Adem\u00e1s, se incluyen 6 bastones para personas con discapacidad visual, 33 bastones de cuatro puntos y 24 bastones de un punto, con el objetivo de atender distintas necesidades de movilidad.<\/p>\n<p>Con este tipo de acciones, se refuerza el trabajo coordinado entre sociedad civil y gobierno para brindar atenci\u00f3n a quienes m\u00e1s lo requieren.<\/p>\n<p>Juntos lo Vamos a Lograr<\/p>\n<\/div><footer class=\"entry-footer\"><\/footer><div class='post_delimiter'><\/div><\/div><div class=\"post_author_timeline\"><\/div><span class='hidden'>\n\t\t\t\t<span class='av-structured-data'  itemprop=\"image\" itemscope=\"itemscope\" itemtype=\"https:\/\/schema.org\/ImageObject\" >\n\t\t\t\t\t\t<span itemprop='url'>https:\/\/hidalgodelparral.chihuahua.gob.mx\/wp-content\/uploads\/2026\/03\/IMG-20260319-WA0136.jpg<\/span>\n\t\t\t\t\t\t<span itemprop='height'>853<\/span>\n\t\t\t\t\t\t<span itemprop='width'>1280<\/span>\n\t\t\t\t<\/span>\n\t\t\t\t<span class='av-structured-data'  itemprop=\"publisher\" itemtype=\"https:\/\/schema.org\/Organization\" itemscope=\"itemscope\" >\n\t\t\t\t\t\t<span itemprop='name'>Comunicaci\u00f3n Social<\/span>\n\t\t\t\t\t\t<span itemprop='logo' itemscope itemtype='https:\/\/schema.org\/ImageObject'>\n\t\t\t\t\t\t\t<span itemprop='url'>https:\/\/hidalgodelparral.chihuahua.gob.mx\/wp-content\/uploads\/2024\/11\/logo-enfold-300x138.png<\/span>\n\t\t\t\t\t\t<\/span>\n\t\t\t\t<\/span><span class='av-structured-data'  itemprop=\"author\" itemscope=\"itemscope\" itemtype=\"https:\/\/schema.org\/Person\" ><span itemprop='name'>Comunicaci\u00f3n Social<\/span><\/span><span class='av-structured-data'  itemprop=\"datePublished\" datetime=\"2026-03-19T22:22:56+00:00\" >2026-03-19 22:22:56<\/span><span class='av-structured-data'  itemprop=\"dateModified\" itemtype=\"https:\/\/schema.org\/dateModified\" >2026-03-19 22:22:56<\/span><span class='av-structured-data'  itemprop=\"mainEntityOfPage\" itemtype=\"https:\/\/schema.org\/mainEntityOfPage\" ><span itemprop='name'>ntrega FECHAC m\u00e1s de 200 aparatos ortop\u00e9dicos al DIF Parral para fortalecer la atenci\u00f3n a poblaci\u00f3n vulnerable<\/span><\/span><\/span><\/article><div class='single-big'><nav class='pagination'><span class='pagination-meta'>Page 1 of 47<\/span><span class='current'>1<\/span><a href='https:\/\/hidalgodelparral.chihuahua.gob.mx\/index.php?rest_route=%2Fwp%2Fv2%2Fpages%2F3109&#038;paged=2' class='inactive next_page' >2<\/a><a href='https:\/\/hidalgodelparral.chihuahua.gob.mx\/index.php?rest_route=%2Fwp%2Fv2%2Fpages%2F3109&#038;paged=3' class='inactive' >3<\/a><a href='https:\/\/hidalgodelparral.chihuahua.gob.mx\/index.php?rest_route=%2Fwp%2Fv2%2Fpages%2F3109&#038;paged=2'>&rsaquo;<\/a><a href='https:\/\/hidalgodelparral.chihuahua.gob.mx\/index.php?rest_route=%2Fwp%2Fv2%2Fpages%2F3109&#038;paged=47'>&raquo;<\/a><\/nav>\n<\/div><\/div><\/div>\n","protected":false},"excerpt":{"rendered":"","protected":false},"author":1,"featured_media":0,"parent":0,"menu_order":0,"comment_status":"closed","ping_status":"closed","template":"","meta":{"footnotes":""},"class_list":["post-3109","page","type-page","status-publish","hentry"],"_links":{"self":[{"href":"https:\/\/hidalgodelparral.chihuahua.gob.mx\/index.php?rest_route=\/wp\/v2\/pages\/3109","targetHints":{"allow":["GET"]}}],"collection":[{"href":"https:\/\/hidalgodelparral.chihuahua.gob.mx\/index.php?rest_route=\/wp\/v2\/pages"}],"about":[{"href":"https:\/\/hidalgodelparral.chihuahua.gob.mx\/index.php?rest_route=\/wp\/v2\/types\/page"}],"author":[{"embeddable":true,"href":"https:\/\/hidalgodelparral.chihuahua.gob.mx\/index.php?rest_route=\/wp\/v2\/users\/1"}],"replies":[{"embeddable":true,"href":"https:\/\/hidalgodelparral.chihuahua.gob.mx\/index.php?rest_route=%2Fwp%2Fv2%2Fcomments&post=3109"}],"version-history":[{"count":2,"href":"https:\/\/hidalgodelparral.chihuahua.gob.mx\/index.php?rest_route=\/wp\/v2\/pages\/3109\/revisions"}],"predecessor-version":[{"id":3111,"href":"https:\/\/hidalgodelparral.chihuahua.gob.mx\/index.php?rest_route=\/wp\/v2\/pages\/3109\/revisions\/3111"}],"wp:attachment":[{"href":"https:\/\/hidalgodelparral.chihuahua.gob.mx\/index.php?rest_route=%2Fwp%2Fv2%2Fmedia&parent=3109"}],"curies":[{"name":"wp","href":"https:\/\/api.w.org\/{rel}","templated":true}]}}