{"id":3542,"date":"2025-03-12T18:03:48","date_gmt":"2025-03-12T18:03:48","guid":{"rendered":"https:\/\/hidalgodelparral.chihuahua.gob.mx\/?page_id=3542"},"modified":"2025-03-12T18:03:48","modified_gmt":"2025-03-12T18:03:48","slug":"comunicados-oic-parral","status":"publish","type":"page","link":"https:\/\/hidalgodelparral.chihuahua.gob.mx\/?page_id=3542","title":{"rendered":"Comunicados OIC Parral"},"content":{"rendered":"<div id='av_section_1'  class='avia-section av-av_section-f22f0f9dd672aac3df52cf5913f6ac08 main_color avia-section-default avia-no-border-styling  avia-builder-el-0  avia-builder-el-no-sibling  avia-bg-style-scroll container_wrap fullsize'  ><div class='container av-section-cont-open' ><main  role=\"main\" itemprop=\"mainContentOfPage\"  class='template-page content  av-content-full alpha units'><div class='post-entry post-entry-type-page post-entry-3542'><div class='entry-content-wrapper clearfix'>\n<div  class='flex_column av-av_one_full-2d22dc0500e159f2b39fe7a147caf14c av_one_full  avia-builder-el-1  avia-builder-el-no-sibling  first flex_column_div  '     ><div  class='av-alb-blogposts template-blog  '  itemscope=\"itemscope\" itemtype=\"https:\/\/schema.org\/Blog\" ><article class=\"post-entry post-entry-type-standard post-entry-10211 post-loop-1 post-parity-odd single-big with-slider post-10211 post type-post status-publish format-standard has-post-thumbnail hentry category-oic\"  itemscope=\"itemscope\" itemtype=\"https:\/\/schema.org\/BlogPosting\" ><div class=\"big-preview single-big\"  itemprop=\"image\" itemscope=\"itemscope\" itemtype=\"https:\/\/schema.org\/ImageObject\" ><a href=\"https:\/\/hidalgodelparral.chihuahua.gob.mx\/?p=10211\"  title=\"IMG-20260128-WA0286\" ><img decoding=\"async\" loading=\"lazy\" width=\"1210\" height=\"423\" src=\"https:\/\/hidalgodelparral.chihuahua.gob.mx\/wp-content\/uploads\/2026\/01\/IMG-20260128-WA0286-1210x423.jpg\" class=\"wp-image-10212 avia-img-lazy-loading-10212 attachment-entry_without_sidebar size-entry_without_sidebar wp-post-image\" alt=\"\" \/><\/a><\/div><div class=\"blog-meta\"><\/div><div class='entry-content-wrapper clearfix standard-content'><header class=\"entry-content-header\" aria-label=\"Post: Aprueba Cabildo nombramiento de Olga Y\u00e1\u00f1ez al frente del \u00d3rgano Interno de Control\"><h2 class='post-title entry-title '  itemprop=\"headline\" ><a href=\"https:\/\/hidalgodelparral.chihuahua.gob.mx\/?p=10211\" rel=\"bookmark\" title=\"Permanent Link: Aprueba Cabildo nombramiento de Olga Y\u00e1\u00f1ez al frente del \u00d3rgano Interno de Control\">Aprueba Cabildo nombramiento de Olga Y\u00e1\u00f1ez al frente del \u00d3rgano Interno de Control<span class=\"post-format-icon minor-meta\"><\/span><\/a><\/h2><span class=\"post-meta-infos\"><time class=\"date-container minor-meta updated\"  itemprop=\"datePublished\" datetime=\"2026-01-29T03:08:55+00:00\" >29 enero, 2026<\/time><span class=\"text-sep\">\/<\/span><span class=\"blog-categories minor-meta\">in <a href=\"https:\/\/hidalgodelparral.chihuahua.gob.mx\/?cat=31\" rel=\"tag\">Organo de Control Interno<\/a><\/span><span class=\"text-sep\">\/<\/span><span class=\"blog-author minor-meta\">by <span class=\"entry-author-link\"  itemprop=\"author\" ><span class=\"author\"><span class=\"fn\"><a href=\"https:\/\/hidalgodelparral.chihuahua.gob.mx\/?author=2\" title=\"Entradas de Comunicaci\u00f3n Social\" rel=\"author\">Comunicaci\u00f3n Social<\/a><\/span><\/span><\/span><\/span><\/span><\/header><div class=\"entry-content\"  itemprop=\"text\" ><p>Refuerzan vigilancia y cumplimiento legal en la administraci\u00f3n municipal<\/p>\n<p>En sesi\u00f3n de Cabildo y por mayor\u00eda de votos, las y los integrantes del Honorable Ayuntamiento aprobaron la designaci\u00f3n de la Licenciada Olga Gabriela Y\u00e1\u00f1ez Moreno como nueva titular del \u00d3rgano Interno de Control y Autoridad Resolutora, conforme a lo establecido en el art\u00edculo 28 de la normatividad vigente.<\/p>\n<p>Durante el desarrollo de la sesi\u00f3n, el cuerpo edilicio aval\u00f3 la integraci\u00f3n formal del \u00d3rgano Interno de Control, como parte de las acciones orientadas a fortalecer los mecanismos de supervisi\u00f3n, legalidad y rendici\u00f3n de cuentas dentro de la administraci\u00f3n municipal.<\/p>\n<p>La Lic. Olga Gabriela Y\u00e1\u00f1ez Moreno cuenta con una trayectoria profesional s\u00f3lida. Es Licenciada en Derecho con acentuaci\u00f3n en Am\u00e9rica del Norte, egresada de la Universidad La Salle Chihuahua, adem\u00e1s de contar con conocimientos en el idioma alem\u00e1n, lo que respalda su perfil t\u00e9cnico y acad\u00e9mico para asumir esta responsabilidad.<\/p>\n<p>Asimismo, ha participado en diversas capacitaciones especializadas, entre las que destacan el Seminario de Auditor\u00eda Gubernamental, cursos de Inducci\u00f3n a la \u00c9tica, Control Interno, Auditor\u00eda 2025 y el Taller del Programa de Implementaci\u00f3n de la Pol\u00edtica Estatal Anticorrupci\u00f3n, fortaleciendo su preparaci\u00f3n en materia administrativa y normativa.<\/p>\n<p>Como parte de la terna presentada al Cabildo, se design\u00f3 a \u00c1ngel Arturo Castillo como Autoridad Sustanciadora y a Mar\u00eda Teresa Triana como Autoridad Investigadora del \u00d3rgano Interno de Control, con lo que queda conformada la estructura operativa de este \u00f3rgano municipal.<\/p>\n<p>Con estas decisiones, el Ayuntamiento reafirma su compromiso de mantener una gesti\u00f3n responsable, profesional y en estricto apego a la ley, fortaleciendo la confianza ciudadana en el ejercicio de la funci\u00f3n p\u00fablica.<\/p>\n<p>Juntos lo Vamos a Lograr<\/p>\n<\/div><footer class=\"entry-footer\"><\/footer><div class='post_delimiter'><\/div><\/div><div class=\"post_author_timeline\"><\/div><span class='hidden'>\n\t\t\t\t<span class='av-structured-data'  itemprop=\"image\" itemscope=\"itemscope\" itemtype=\"https:\/\/schema.org\/ImageObject\" >\n\t\t\t\t\t\t<span itemprop='url'>https:\/\/hidalgodelparral.chihuahua.gob.mx\/wp-content\/uploads\/2026\/01\/IMG-20260128-WA0286.jpg<\/span>\n\t\t\t\t\t\t<span itemprop='height'>1518<\/span>\n\t\t\t\t\t\t<span itemprop='width'>1600<\/span>\n\t\t\t\t<\/span>\n\t\t\t\t<span class='av-structured-data'  itemprop=\"publisher\" itemtype=\"https:\/\/schema.org\/Organization\" itemscope=\"itemscope\" >\n\t\t\t\t\t\t<span itemprop='name'>Comunicaci\u00f3n Social<\/span>\n\t\t\t\t\t\t<span itemprop='logo' itemscope itemtype='https:\/\/schema.org\/ImageObject'>\n\t\t\t\t\t\t\t<span itemprop='url'>https:\/\/hidalgodelparral.chihuahua.gob.mx\/wp-content\/uploads\/2024\/11\/logo-enfold-300x138.png<\/span>\n\t\t\t\t\t\t<\/span>\n\t\t\t\t<\/span><span class='av-structured-data'  itemprop=\"author\" itemscope=\"itemscope\" itemtype=\"https:\/\/schema.org\/Person\" ><span itemprop='name'>Comunicaci\u00f3n Social<\/span><\/span><span class='av-structured-data'  itemprop=\"datePublished\" datetime=\"2026-01-29T03:08:55+00:00\" >2026-01-29 03:08:55<\/span><span class='av-structured-data'  itemprop=\"dateModified\" itemtype=\"https:\/\/schema.org\/dateModified\" >2026-01-29 03:08:55<\/span><span class='av-structured-data'  itemprop=\"mainEntityOfPage\" itemtype=\"https:\/\/schema.org\/mainEntityOfPage\" ><span itemprop='name'>Aprueba Cabildo nombramiento de Olga Y\u00e1\u00f1ez al frente del \u00d3rgano Interno de Control<\/span><\/span><\/span><\/article><article class=\"post-entry post-entry-type-standard post-entry-9643 post-loop-2 post-parity-even single-big with-slider post-9643 post type-post status-publish format-standard has-post-thumbnail hentry category-oic\"  itemscope=\"itemscope\" itemtype=\"https:\/\/schema.org\/BlogPosting\" ><div class=\"big-preview single-big\"  itemprop=\"image\" itemscope=\"itemscope\" itemtype=\"https:\/\/schema.org\/ImageObject\" ><a href=\"https:\/\/hidalgodelparral.chihuahua.gob.mx\/?p=9643\"  title=\"IMG-20251204-WA0192\" ><img decoding=\"async\" loading=\"lazy\" width=\"720\" height=\"423\" src=\"https:\/\/hidalgodelparral.chihuahua.gob.mx\/wp-content\/uploads\/2025\/12\/IMG-20251204-WA0192-720x423.jpg\" class=\"wp-image-9644 avia-img-lazy-loading-9644 attachment-entry_without_sidebar size-entry_without_sidebar wp-post-image\" alt=\"\" \/><\/a><\/div><div class=\"blog-meta\"><\/div><div class='entry-content-wrapper clearfix standard-content'><header class=\"entry-content-header\" aria-label=\"Post: Refuerza Gobierno de Parral acciones de capacitaci\u00f3n para prevenir la corrupci\u00f3n\"><h2 class='post-title entry-title '  itemprop=\"headline\" ><a href=\"https:\/\/hidalgodelparral.chihuahua.gob.mx\/?p=9643\" rel=\"bookmark\" title=\"Permanent Link: Refuerza Gobierno de Parral acciones de capacitaci\u00f3n para prevenir la corrupci\u00f3n\">Refuerza Gobierno de Parral acciones de capacitaci\u00f3n para prevenir la corrupci\u00f3n<span class=\"post-format-icon minor-meta\"><\/span><\/a><\/h2><span class=\"post-meta-infos\"><time class=\"date-container minor-meta updated\"  itemprop=\"datePublished\" datetime=\"2025-12-05T03:49:55+00:00\" >5 diciembre, 2025<\/time><span class=\"text-sep\">\/<\/span><span class=\"blog-categories minor-meta\">in <a href=\"https:\/\/hidalgodelparral.chihuahua.gob.mx\/?cat=31\" rel=\"tag\">Organo de Control Interno<\/a><\/span><span class=\"text-sep\">\/<\/span><span class=\"blog-author minor-meta\">by <span class=\"entry-author-link\"  itemprop=\"author\" ><span class=\"author\"><span class=\"fn\"><a href=\"https:\/\/hidalgodelparral.chihuahua.gob.mx\/?author=2\" title=\"Entradas de Comunicaci\u00f3n Social\" rel=\"author\">Comunicaci\u00f3n Social<\/a><\/span><\/span><\/span><\/span><\/span><\/header><div class=\"entry-content\"  itemprop=\"text\" ><p>Impulsando una administraci\u00f3n m\u00e1s transparente y cercana a la ciudadan\u00eda<\/p>\n<p>Funcionarios del Gobierno de Parral participaron en la segunda jornada de capacitaci\u00f3n sobre las estrategias de prevenci\u00f3n de la corrupci\u00f3n y promover un servicio p\u00fablico m\u00e1s \u00edntegro y transparente. Esta actividad, realizada en coordinaci\u00f3n con el Gobierno del Estado, forma parte del compromiso permanente de impulsar una administraci\u00f3n que act\u00fae con responsabilidad y apego a la ley.<\/p>\n<p>Durante la sesi\u00f3n, el titular del \u00d3rgano Interno de Control, Agust\u00edn Gonz\u00e1lez, explic\u00f3 que esta segunda etapa de capacitaci\u00f3n permiti\u00f3 revisar pr\u00e1cticas exitosas que integran la participaci\u00f3n ciudadana en las acciones de control y vigilancia. Se\u00f1al\u00f3 que incluir a la poblaci\u00f3n en estos procesos contribuye a generar mayor confianza y a consolidar instituciones m\u00e1s s\u00f3lidas.<\/p>\n<p>El funcionario destac\u00f3 que la prevenci\u00f3n es un pilar fundamental para mejorar el desempe\u00f1o gubernamental, por lo que continuar\u00e1n impulsando acciones formativas que fortalezcan la integridad y el actuar correcto de quienes integran la administraci\u00f3n municipal. A\u00f1adi\u00f3 que estas herramientas permiten identificar riesgos, corregir procesos y fomentar una cultura de legalidad dentro de cada \u00e1rea.<\/p>\n<p>Asimismo, se abordaron temas esenciales sobre \u00e9tica p\u00fablica, responsabilidad en el servicio y toma de decisiones, subrayando la importancia de que cada servidor p\u00fablico aplique criterios claros, justos y orientados al inter\u00e9s colectivo.<\/p>\n<p>Con estas acciones, el Gobierno de Parral reafirma su compromiso de trabajar de manera transparente, fortalecer la confianza en las instituciones y brindar un mejor servicio a la poblaci\u00f3n.<\/p>\n<p>Juntos lo Vamos a Lograr<\/p>\n<\/div><footer class=\"entry-footer\"><\/footer><div class='post_delimiter'><\/div><\/div><div class=\"post_author_timeline\"><\/div><span class='hidden'>\n\t\t\t\t<span class='av-structured-data'  itemprop=\"image\" itemscope=\"itemscope\" itemtype=\"https:\/\/schema.org\/ImageObject\" >\n\t\t\t\t\t\t<span itemprop='url'>https:\/\/hidalgodelparral.chihuahua.gob.mx\/wp-content\/uploads\/2025\/12\/IMG-20251204-WA0192.jpg<\/span>\n\t\t\t\t\t\t<span itemprop='height'>915<\/span>\n\t\t\t\t\t\t<span itemprop='width'>720<\/span>\n\t\t\t\t<\/span>\n\t\t\t\t<span class='av-structured-data'  itemprop=\"publisher\" itemtype=\"https:\/\/schema.org\/Organization\" itemscope=\"itemscope\" >\n\t\t\t\t\t\t<span itemprop='name'>Comunicaci\u00f3n Social<\/span>\n\t\t\t\t\t\t<span itemprop='logo' itemscope itemtype='https:\/\/schema.org\/ImageObject'>\n\t\t\t\t\t\t\t<span itemprop='url'>https:\/\/hidalgodelparral.chihuahua.gob.mx\/wp-content\/uploads\/2024\/11\/logo-enfold-300x138.png<\/span>\n\t\t\t\t\t\t<\/span>\n\t\t\t\t<\/span><span class='av-structured-data'  itemprop=\"author\" itemscope=\"itemscope\" itemtype=\"https:\/\/schema.org\/Person\" ><span itemprop='name'>Comunicaci\u00f3n Social<\/span><\/span><span class='av-structured-data'  itemprop=\"datePublished\" datetime=\"2025-12-05T03:49:55+00:00\" >2025-12-05 03:49:55<\/span><span class='av-structured-data'  itemprop=\"dateModified\" itemtype=\"https:\/\/schema.org\/dateModified\" >2025-12-05 03:49:55<\/span><span class='av-structured-data'  itemprop=\"mainEntityOfPage\" itemtype=\"https:\/\/schema.org\/mainEntityOfPage\" ><span itemprop='name'>Refuerza Gobierno de Parral acciones de capacitaci\u00f3n para prevenir la corrupci\u00f3n<\/span><\/span><\/span><\/article><article class=\"post-entry post-entry-type-standard post-entry-3536 post-loop-3 post-parity-odd post-entry-last single-big  post-3536 post type-post status-publish format-standard hentry category-oic\"  itemscope=\"itemscope\" itemtype=\"https:\/\/schema.org\/BlogPosting\" ><div class=\"blog-meta\"><\/div><div class='entry-content-wrapper clearfix standard-content'><header class=\"entry-content-header\" aria-label=\"Post: Taller en el Departamento de Cultura del Municipio, ubicada en la Casa Arras\"><h2 class='post-title entry-title '  itemprop=\"headline\" ><a href=\"https:\/\/hidalgodelparral.chihuahua.gob.mx\/?p=3536\" rel=\"bookmark\" title=\"Permanent Link: Taller en el Departamento de Cultura del Municipio, ubicada en la Casa Arras\">Taller en el Departamento de Cultura del Municipio, ubicada en la Casa Arras<span class=\"post-format-icon minor-meta\"><\/span><\/a><\/h2><span class=\"post-meta-infos\"><time class=\"date-container minor-meta updated\"  itemprop=\"datePublished\" datetime=\"2025-03-12T17:58:03+00:00\" >12 marzo, 2025<\/time><span class=\"text-sep\">\/<\/span><span class=\"blog-categories minor-meta\">in <a href=\"https:\/\/hidalgodelparral.chihuahua.gob.mx\/?cat=31\" rel=\"tag\">Organo de Control Interno<\/a><\/span><span class=\"text-sep\">\/<\/span><span class=\"blog-author minor-meta\">by <span class=\"entry-author-link\"  itemprop=\"author\" ><span class=\"author\"><span class=\"fn\"><a href=\"https:\/\/hidalgodelparral.chihuahua.gob.mx\/?author=1\" title=\"Entradas de admin24\" rel=\"author\">admin24<\/a><\/span><\/span><\/span><\/span><\/span><\/header><div class=\"entry-content\"  itemprop=\"text\" ><p>Hoy tuvimos la oportunidad de dirigir el taller en el Departamento de Cultura del Municipio, ubicada en la Casa Arras, en el cual se present\u00f3 el C\u00f3digo de \u00c9tica y Conducta. Durante la sesi\u00f3n, se abordaron los principios fundamentales que gu\u00edan nuestro comportamiento y las expectativas que se deben cumplir en el entorno laboral. Fue una excelente oportunidad para reflexionar sobre la importancia de la \u00e9tica en nuestras acciones diarias y c\u00f3mo estas contribuyen a un ambiente de respeto, transparencia y responsabilidad. Tambi\u00e9n se gener\u00f3 un espacio de discusi\u00f3n donde los participantes pudieron expresar sus dudas y aportar ideas sobre c\u00f3mo implementar de manera efectiva estas pautas en nuestras interacciones cotidianas.<\/p>\n<p><img loading=\"lazy\" decoding=\"async\" class=\"alignnone size-large wp-image-3538\" src=\"https:\/\/hidalgodelparral.chihuahua.gob.mx\/wp-content\/uploads\/2025\/03\/482030208_122126042732704194_2026439372949846385_n-1030x773.jpg\" alt=\"\" width=\"1030\" height=\"773\" srcset=\"https:\/\/hidalgodelparral.chihuahua.gob.mx\/wp-content\/uploads\/2025\/03\/482030208_122126042732704194_2026439372949846385_n-1030x773.jpg 1030w, https:\/\/hidalgodelparral.chihuahua.gob.mx\/wp-content\/uploads\/2025\/03\/482030208_122126042732704194_2026439372949846385_n-300x225.jpg 300w, https:\/\/hidalgodelparral.chihuahua.gob.mx\/wp-content\/uploads\/2025\/03\/482030208_122126042732704194_2026439372949846385_n-768x576.jpg 768w, https:\/\/hidalgodelparral.chihuahua.gob.mx\/wp-content\/uploads\/2025\/03\/482030208_122126042732704194_2026439372949846385_n-705x529.jpg 705w, https:\/\/hidalgodelparral.chihuahua.gob.mx\/wp-content\/uploads\/2025\/03\/482030208_122126042732704194_2026439372949846385_n.jpg 1440w\" sizes=\"auto, (max-width: 1030px) 100vw, 1030px\" \/><\/p>\n\n<\/div><footer class=\"entry-footer\"><\/footer><div class='post_delimiter'><\/div><\/div><div class=\"post_author_timeline\"><\/div><span class='hidden'>\n\t\t\t\t<span class='av-structured-data'  itemprop=\"image\" itemscope=\"itemscope\" itemtype=\"https:\/\/schema.org\/ImageObject\" >\n\t\t\t\t\t\t<span itemprop='url'>https:\/\/hidalgodelparral.chihuahua.gob.mx\/wp-content\/uploads\/2024\/11\/logo-enfold-300x138.png<\/span>\n\t\t\t\t\t\t<span itemprop='height'>0<\/span>\n\t\t\t\t\t\t<span itemprop='width'>0<\/span>\n\t\t\t\t<\/span>\n\t\t\t\t<span class='av-structured-data'  itemprop=\"publisher\" itemtype=\"https:\/\/schema.org\/Organization\" itemscope=\"itemscope\" >\n\t\t\t\t\t\t<span itemprop='name'>admin24<\/span>\n\t\t\t\t\t\t<span itemprop='logo' itemscope itemtype='https:\/\/schema.org\/ImageObject'>\n\t\t\t\t\t\t\t<span itemprop='url'>https:\/\/hidalgodelparral.chihuahua.gob.mx\/wp-content\/uploads\/2024\/11\/logo-enfold-300x138.png<\/span>\n\t\t\t\t\t\t<\/span>\n\t\t\t\t<\/span><span class='av-structured-data'  itemprop=\"author\" itemscope=\"itemscope\" itemtype=\"https:\/\/schema.org\/Person\" ><span itemprop='name'>admin24<\/span><\/span><span class='av-structured-data'  itemprop=\"datePublished\" datetime=\"2025-03-12T17:58:03+00:00\" >2025-03-12 17:58:03<\/span><span class='av-structured-data'  itemprop=\"dateModified\" itemtype=\"https:\/\/schema.org\/dateModified\" >2025-03-12 18:20:03<\/span><span class='av-structured-data'  itemprop=\"mainEntityOfPage\" itemtype=\"https:\/\/schema.org\/mainEntityOfPage\" ><span itemprop='name'>Taller en el Departamento de Cultura del Municipio, ubicada en la Casa Arras<\/span><\/span><\/span><\/article><div class='single-big'><nav class='pagination'><span class='pagination-meta'>Page 1 of 2<\/span><span class='current'>1<\/span><a href='https:\/\/hidalgodelparral.chihuahua.gob.mx\/index.php?rest_route=%2Fwp%2Fv2%2Fpages%2F3542&#038;paged=2' class='inactive next_page' >2<\/a><\/nav>\n<\/div><\/div><\/div>\n","protected":false},"excerpt":{"rendered":"","protected":false},"author":1,"featured_media":0,"parent":0,"menu_order":0,"comment_status":"closed","ping_status":"closed","template":"","meta":{"footnotes":""},"class_list":["post-3542","page","type-page","status-publish","hentry"],"_links":{"self":[{"href":"https:\/\/hidalgodelparral.chihuahua.gob.mx\/index.php?rest_route=\/wp\/v2\/pages\/3542","targetHints":{"allow":["GET"]}}],"collection":[{"href":"https:\/\/hidalgodelparral.chihuahua.gob.mx\/index.php?rest_route=\/wp\/v2\/pages"}],"about":[{"href":"https:\/\/hidalgodelparral.chihuahua.gob.mx\/index.php?rest_route=\/wp\/v2\/types\/page"}],"author":[{"embeddable":true,"href":"https:\/\/hidalgodelparral.chihuahua.gob.mx\/index.php?rest_route=\/wp\/v2\/users\/1"}],"replies":[{"embeddable":true,"href":"https:\/\/hidalgodelparral.chihuahua.gob.mx\/index.php?rest_route=%2Fwp%2Fv2%2Fcomments&post=3542"}],"version-history":[{"count":2,"href":"https:\/\/hidalgodelparral.chihuahua.gob.mx\/index.php?rest_route=\/wp\/v2\/pages\/3542\/revisions"}],"predecessor-version":[{"id":3544,"href":"https:\/\/hidalgodelparral.chihuahua.gob.mx\/index.php?rest_route=\/wp\/v2\/pages\/3542\/revisions\/3544"}],"wp:attachment":[{"href":"https:\/\/hidalgodelparral.chihuahua.gob.mx\/index.php?rest_route=%2Fwp%2Fv2%2Fmedia&parent=3542"}],"curies":[{"name":"wp","href":"https:\/\/api.w.org\/{rel}","templated":true}]}}